 Suppose -i = -4*t + t. What is the tens digit of t?
2
Let x be 3/(-9)*-537 + 1. Suppose 8*y + x = 2*y. What is the units digit of 36/y*90/(-4)?
7
Suppose -50 = 5*r - 50. Suppose r = -63*i + 60*i + 135. What is the units digit of i?
5
Let i = 101 + -73. Suppose -i*y = -26*y - 174. What is the tens digit of y?
8
Suppose 3 = -5*i + 2*i. What is the hundreds digit of i - 1/(-1) - (-10560)/44?
2
Let k(o) = -130 + 0*o**3 + 4*o**2 + o**3 - 5*o + 133. Suppose 7 = -4*i - 13. What is the units digit of k(i)?
3
Suppose -30*r = 18*r - 36000. What is the hundreds digit of r?
7
Let s be ((-16)/(-6))/(0 + (-2)/(-3)). Suppose 5*v - 635 = -5*h, -s = -h - 3. What is the units digit of v?
6
What is the hundreds digit of (-478 - 0 - 0)*126/(-28)?
1
Suppose 3*w - 2*w - 23 = 5*v, -8 = -v - 4*w. Let g be 4 + (-3 + v)*2. What is the units digit of 9/3 + -5 - g?
8
Let k be (11 - -13)/((-6)/4). Let l be -3 - ((-1 - 1) + k). Let b = l + -7. What is the units digit of b?
8
Let j = 16 - 16. Suppose -2*b - 40 - 14 = j. Let g = b - -44. What is the units digit of g?
7
Let n be (84/2)/7 + 4*-1. Suppose n = 3*b + b - 2*f, 2*b = -2*f + 4. What is the units digit of b?
1
Suppose -4 = -4*d + 8. Let r(o) = -o**2 + 13*o - 2. Let k be r(12). Let t = k + d. What is the tens digit of t?
1
Let t be -20*(-1 + 12/16). Suppose -p + 2*z + 99 = z, 291 = 3*p - t*z. Let a = -60 + p. What is the tens digit of a?
4
Suppose -2*p = -2*j, 6*j - j = -p. Let f(d) = -8 - 5*d + p + 9. What is the tens digit of f(-5)?
2
Let m(g) = -g**3 + 5*g**2 - 3*g - 1. Let d be m(4). Suppose d*u - 22 - 44 = 0. Suppose 3*q = u + 29. What is the units digit of q?
7
Suppose 14 = u - 0. Suppose -2*o - 7 = -4*o + 5*f, -2*o - 2*f = -u. Suppose -o*x = -51 - 147. What is the units digit of x?
3
Let v = -6 + 7. Let m(a) = 126*a**3 - 3*a**2 + 3*a - 1. What is the units digit of m(v)?
5
What is the units digit of (26/(-8))/(2/(-296)) + -5?
6
Let t(k) = k**3 + 7*k**2 + 3*k + 8. Let j = -13 - -13. Suppose 4*z - z + 18 = j. What is the units digit of t(z)?
6
Suppose -2136 = 15*w - 19*w. What is the units digit of w?
4
Suppose -2*p + 5 = -3. Suppose -p*a = -6 - 10. Suppose a*i = -64 + 320. What is the tens digit of i?
6
Suppose 5*s - 4 - 15 = 2*t, -5*s + 40 = 5*t. Suppose k - 160 = p, s*k = 7*k - p - 319. What is the tens digit of k?
5
Suppose 8*h = 5*h + 15. Suppose 0 = s - 8 - h. What is the tens digit of s?
1
Suppose -8*o = -4*o - 72. What is the units digit of -5 + 1 + (o - -17)?
1
Let b(t) = -2*t - 15. Let d be b(-10). Suppose 2*g + 9 = d*g. Suppose g*p + 56 = 5*p. What is the tens digit of p?
2
Suppose -3290*d = -3282*d - 20264. What is the units digit of d?
3
Let t(i) = i**2 - 2*i - 10. Let c be t(6). Suppose c*g - 8*g = 210. What is the tens digit of g?
3
Let k = 11 + -9. Suppose -k*j + j = 0. Suppose -2*l + j*a - 4*a = -32, 4*a = 20. What is the units digit of l?
6
Let a be 6 - (4 - 3 - 0). Suppose -a*l + i = 5*i + 34, 2*l = -4*i - 16. What is the tens digit of 218/6 - (-2)/l?
3
Suppose 3 = 4*o - 0*j + j, 0 = -4*o - 4*j + 12. Let i(x) = 6*x**2 - 8*x + x**3 + 3*x - 2 + o*x. What is the units digit of i(-6)?
8
Let u(z) = -z**3 + 19*z**2 - 9*z - 5. What is the tens digit of u(17)?
2
Suppose -2*w + 1 - 3 = 0, -149 = -3*r + 5*w. What is the units digit of r?
8
Let x(o) = -3 - 21*o - 3 + 19*o. What is the units digit of x(-8)?
0
Let u = 58 - 17. Suppose u = 3*s - 5*h - 51, 0 = -s - 5*h + 24. What is the tens digit of s?
2
Suppose 0 = -3*t - g + 2539, 0 = -3*t + 7*g - 3*g + 2519. What is the tens digit of t?
4
Let p(q) = -q**2 - 12*q + 5. Let m be p(-12). Suppose -759 = -m*z + j, 2*z - 4*j - 771 = -3*z. What is the tens digit of z?
5
Suppose -3*w = 5*d - 4, 3*d - 3 = w - 9. Suppose -m = w - 9. Suppose m*k = 2*k + 8. What is the units digit of k?
2
Let c(v) = 10*v**2 - 2*v. Let t be c(5). Let q(x) = -x**2 + 18*x - 23. Let z be q(16). Suppose -z*f = -5*f - t. What is the units digit of f?
0
Suppose 0 = -4*b - 5*r + 19412, -2*r + 19412 = 2*b + 2*b. What is the tens digit of b?
5
Let q(z) = 2*z**2 + z - 24. Suppose 0 = -2*o - 2*t + 26, -4*t + 6 = -4*o + 18. What is the hundreds digit of q(o)?
1
Let t be (-2)/(9/((-36)/8)) - 0. What is the tens digit of (t/(-3))/(1/(-297))?
9
Let r = 11 + -4. Let v(f) be the second derivative of f**4/6 - 3*f**3/2 - 7*f**2/2 - 5*f - 6. What is the units digit of v(r)?
8
Let p(v) be the second derivative of v**5/20 + 4*v**4/3 + 3*v**3/2 + 25*v**2/2 + 18*v. What is the hundreds digit of p(-15)?
1
Let u(w) = -53*w - 1. Suppose 5*b = -p - 1, 0*p + 1 = -p + 4*b. Let a be u(p). Let q = -33 + a. What is the tens digit of q?
1
Let v be (-4)/(-10) - (-1156)/10. Suppose 20 = -5*g, 9 = -a - 3*g - 0. Suppose a*j - v = -j. What is the units digit of j?
9
Suppose -1023*k + 1014*k = -10584. What is the thousands digit of k?
1
Suppose -3*l - 15 = 2*l. Let r(s) = -6*s + 13. What is the units digit of r(l)?
1
Suppose -4*j + 562 = -2*y, -6*j + j + 715 = -5*y. What is the units digit of j?
8
Let m = -506 - -512. Suppose -18 = -4*f + 10. Suppose 69 = -m*p + f*p. What is the tens digit of p?
6
Suppose 2*o - 109 - 31 = 0. What is the units digit of (-3)/(-6)*o - (-1 - -4)?
2
Let v(d) = -45*d - 10. Let l(b) = -90*b - 21. Let j(y) = 2*l(y) - 5*v(y). What is the hundreds digit of j(4)?
1
Let r(y) = y**2 - 8*y + 3. Let x be r(8). Suppose 2*n + x*f + 2*f - 27 = 0, 12 = 2*n + 2*f. What is the units digit of (n/(-2))/(4/(-112))?
4
Suppose 0 = -5*h - 3*r + 4*r + 1360, 5*r = 3*h - 816. What is the units digit of h?
2
Let u(d) = d**2 + 13*d - 1. Let a be u(-9). Let t = a - -38. What is the units digit of t?
1
Let k(j) = 2*j - 2. Let x be k(7). Suppose 3*t - 25 = 4*a + 72, 4*t = x. What is the units digit of (-3 - a) + 0 + -2?
7
Let y(q) be the third derivative of 0*q + 1/2*q**3 + 0 - 3*q**2 - 1/10*q**5 - 1/8*q**4 - 1/120*q**6. What is the tens digit of y(-6)?
2
Suppose p = 2*g - 8, 8 = 3*g - 1. Let f be 14/(-1*(p + 0)). What is the units digit of (6/f)/(4/28)?
6
Suppose 0 = 3*o - j - 7171 - 8664, -5*j + 5257 = o. What is the thousands digit of o?
5
Let t(w) = w**3 + 3*w**2 - 4*w + 2. Let s be t(-4). What is the units digit of (-1)/(s/((-1470)/3))?
5
Let x(t) = t**3 - 5*t**2 + 6*t - 5. Let g be x(5). Let z = -14 + g. What is the units digit of z?
1
Let p(j) = 2*j**3 + 42*j**2 - 10*j + 58. What is the hundreds digit of p(-21)?
2
Let v(a) = -12*a + 3. Suppose 2*p = 4*i - 10, 0 = 3*i - 5*p + 4*p - 9. Let l be v(i). Let j = l + 69. What is the tens digit of j?
2
Let r(b) = b + 14. Let h be r(-11). Suppose -k + 5*x + 750 = 0, -k + 5*k - 2908 = -h*x. What is the tens digit of k/15 - 1/(-3)?
4
Suppose -616 = 5*k - 1966. What is the hundreds digit of k?
2
What is the hundreds digit of 39*((-3180)/(-36) + 6)?
6
Let a = 241 - 159. Let r = 152 - a. What is the units digit of r?
0
Suppose -i = -59 - 276. What is the units digit of i?
5
Let k(x) = 6*x**2 + 8*x**2 + 10*x**2 + 2*x**2. What is the tens digit of k(-1)?
2
Let f(b) = -6*b**3 - 4*b**2 - 4*b - 4. What is the hundreds digit of f(-3)?
1
Suppose -14*f = -18*f + 4004. What is the hundreds digit of f?
0
Let a = -26 + 7. Let m = 59 - a. What is the units digit of m?
8
Suppose -j - 2*x = -0*x - 15, -5*j - 4*x + 87 = 0. Suppose 4*w + 3*f - j = -0, 5*w - 2*f - 18 = 0. What is the units digit of 0/(-5) + w*2?
8
Suppose -186 = -7*f - 578. Let u = f - -156. What is the hundreds digit of u?
1
Let k = 119 - -138. What is the hundreds digit of k?
2
Let z(a) = 4*a**2 + 11*a + 26. Suppose -10*i = -8*i + 12. What is the tens digit of z(i)?
0
Let a = 115 - 115. Suppose 4*o + 1633 = 5*y, a = 3*o - 0*o - 9. What is the units digit of y?
9
Let k be (6 + 28)/(2/8). Let y = -92 + k. What is the tens digit of y?
4
Let j be (8/6)/(-2) + 20/12. What is the tens digit of (0 + 1 + j - -59) + -1?
6
Let f = -43 + 46. Suppose -z + 9 = -3*j - 35, 4*z + f*j - 206 = 0. What is the units digit of z?
0
Suppose -67 = 4*j - 3*w, -j + w - 21 = -4*w. Let h be 14 - 0 - j/(-16). Let l = h + -4. What is the units digit of l?
9
Suppose 0*y = 3*y + 90. Let w be 8/(-2)*y/24. What is the units digit of w/(3 + (-16)/6)?
5
Let f(p) = p**2 - 7*p + 3. Let w be f(7). Suppose 4*y = 15 - w. Suppose -y = -2*o + 7. What is the units digit of o?
5
Let r(j) = -4*j + 4*j**3 - 5*j**3 - 14 - 5*j**2 + 0*j**3. What is the units digit of r(-6)?